 the thousands digit of 9800098?
0
What is the tens digit of 228213150?
5
What is the ten millions digit of 14437666?
1
What is the ten millions digit of 31254514?
3
What is the ten millions digit of 12759438?
1
What is the tens digit of 53944490?
9
What is the ten thousands digit of 317060674?
6
What is the ten millions digit of 95587426?
9
What is the hundred millions digit of 3399465352?
3
What is the ten thousands digit of 2534273901?
7
What is the hundreds digit of 1088972722?
7
What is the ten thousands digit of 137124438?
2
What is the thousands digit of 19914378?
4
What is the tens digit of 71224970?
7
What is the hundred thousands digit of 4891150425?
1
What is the hundreds digit of 170882974?
9
What is the millions digit of 91587319?
1
What is the ten thousands digit of 2941497275?
9
What is the hundred thousands digit of 353319997?
3
What is the units digit of 1746014051?
1
What is the tens digit of 2252137158?
5
What is the tens digit of 418145620?
2
What is the ten millions digit of 108854568?
0
What is the units digit of 342448722?
2
What is the thousands digit of 1023462235?
2
What is the hundred millions digit of 2532423608?
5
What is the millions digit of 224446228?
4
What is the hundred thousands digit of 126865649?
8
What is the billions digit of 1579210276?
1
What is the tens digit of 2859265498?
9
What is the ten millions digit of 71181710?
7
What is the ten thousands digit of 1672741145?
4
What is the thousands digit of 243452305?
2
What is the ten thousands digit of 369288799?
8
What is the hundreds digit of 677191960?
9
What is the billions digit of 7181139707?
7
What is the tens digit of 90915017?
1
What is the tens digit of 593229932?
3
What is the thousands digit of 1633025696?
5
What is the hundred thousands digit of 1398930941?
9
What is the hundreds digit of 33842962?
9
What is the millions digit of 155467506?
5
What is the tens digit of 15543779?
7
What is the hundred millions digit of 763426541?
7
What is the billions digit of 1259288107?
1
What is the hundreds digit of 747259374?
3
What is the hundred millions digit of 1302486560?
3
What is the units digit of 321729441?
1
What is the ten millions digit of 433751593?
3
What is the hundreds digit of 83029126?
1
What is the ten millions digit of 26876596?
2
What is the millions digit of 778533210?
8
What is the ten thousands digit of 4909484022?
8
What is the ten millions digit of 178702066?
7
What is the thousands digit of 250753347?
3
What is the tens digit of 6349896376?
7
What is the ten millions digit of 29430515?
2
What is the ten millions digit of 684956171?
8
What is the ten thousands digit of 593231941?
3
What is the units digit of 401775301?
1
What is the ten thousands digit of 57764768?
6
What is the ten millions digit of 361184562?
6
What is the hundreds digit of 10069181?
1
What is the millions digit of 235024676?
5
What is the ten millions digit of 15428056?
1
What is the tens digit of 2027054814?
1
What is the hundreds digit of 45021413?
4
What is the thousands digit of 445775557?
5
What is the units digit of 231458475?
5
What is the hundreds digit of 92363149?
1
What is the ten millions digit of 58985859?
5
What is the tens digit of 303997097?
9
What is the units digit of 553085099?
9
What is the millions digit of 7020850?
7
What is the hundreds digit of 22768562?
5
What is the thousands digit of 943272364?
2
What is the ten millions digit of 7449995917?
4
What is the tens digit of 148098008?
0
What is the thousands digit of 989231480?
1
What is the thousands digit of 104034527?
4
What is the thousands digit of 742889377?
9
What is the billions digit of 1711819157?
1
What is the hundred thousands digit of 36502859?
5
What is the billions digit of 4850303621?
4
What is the thousands digit of 719030640?
0
What is the hundreds digit of 848630952?
9
What is the hundred millions digit of 7106657187?
1
What is the hundred millions digit of 158707625?
1
What is the tens digit of 9276941?
4
What is the millions digit of 60689139?
0
What is the units digit of 181585868?
8
What is the hundreds digit of 1368720986?
9
What is the ten millions digit of 3407249341?
0
What is the hundred thousands digit of 57747197?
7
What is the hundreds digit of 86855642?
6
What is the units digit of 4122689979?
9
What is the thousands digit of 52626398?
6
What is the hundreds digit of 5282385?
3
What is the hundred thousands digit of 7660785?
6
What is the hundred millions digit of 3965497302?
9
What is the hundred thousands digit of 324684526?
6
What is the hundreds digit of 4010601350?
3
What is the millions digit of 5960762?
5
What is the tens digit of 553458959?
5
What is the tens digit of 149305495?
9
What is the ten millions digit of 287904064?
8
What is the millions digit of 1834384690?
4
What is the hundreds digit of 667080797?
7
What is the thousands digit of 2242033903?
3
What is the thousands digit of 1133727803?
7
What is the hundreds digit of 676976529?
5
What is the hundred millions digit of 2269555350?
2
What is the ten millions digit of 666977541?
6
What is the ten thousands digit of 1368465188?
6
What is the units digit of 239584541?
1
What is the hundred millions digit of 132207595?
1
What is the hundreds digit of 17380962?
9
What is the units digit of 401407941?
1
What is the tens digit of 155545469?
6
What is the ten millions digit of 49995881?
4
What is the hundred thousands digit of 2103513855?
5
What is the thousands digit of 768544882?
4
What is the ten millions digit of 414165921?
1
What is the hundreds digit of 74745993?
9
What is the hundred millions digit of 106387015?
1
What is the hundred millions digit of 247828212?
2
What is the hundred thousands digit of 150447769?
4
What is the hundreds digit of 43521896?
8
What is the hundreds digit of 41999305?
3
What is the hundreds digit of 95485208?
2
What is the thousands digit of 945405319?
5
What is the tens digit of 30298525?
2
What is the ten millions digit of 1402500455?
0
What is the ten thousands digit of 1334411?
3
What is the ten thousands digit of 359500105?
0
What is the units digit of 113215049?
9
What is the ten thousands digit of 175377761?
7
What is the hundred millions digit of 115265721?
1
What is the tens digit of 1205595850?
5
What is the units digit of 313370646?
6
What is the ten thousands digit of 128195568?
9
What is the thousands digit of 1232822654?
2
What is the ten thousands digit of 56751749?
5
What is the thousands digit of 1622032849?
2
What is the thousands digit of 190768594?
8
What is the hundred millions digit of 119233383?
1
What is the units digit of 35190711?
1
What is the ten millions digit of 541720878?
4
What is the units digit of 328786793?
3
What is the ten millions digit of 121166630?
2
What is the millions digit of 14484745?
4
What is the hundreds digit of 4753328244?
2
What is the hundreds digit of 1148351?
3
What is the ten millions digit of 38162536?
3
What is the ten thousands digit of 116302082?
0
What is the ten millions digit of 117478236?
1
What is the hundred thousands digit of 75845658?
8
What is the ten millions digit of 5399486248?
9
What is the hundred millions digit of 783184906?
7
What is the tens digit of 512194050?
5
What is the ten thousands digit of 417278519?
7
What is the thousands digit of 57554021?
4
What is the hundred thousands digit of 2610739181?
7
What is the ten thousands digit of 1191224527?
2
What is the thousands digit of 43340726?
0
What is the thousands digit of 1847152209?
2
What is the hundred thousands digit of 53948445?
9
What is the hundred millions digit of 197179990?
1
What is the hundred thousands digit of 610141430?
1
What is the ten thousands digit of 272010515?
1
What is the ten millions digit of 10571834?
1
What is the ten millions digit of 103914466?
0
What is the hundreds digit of 39955131?
1
What is the thousands digit of 62349840?
9
What is the millions digit of 6347834530?
7
What is the hundreds digit of 77419239?
2
What is the thousands digit of 71997372?
7
What is the hundred millions digit of 386002655?
3
What is the hundreds digit of 4805510590?
5
What is the thousands digit of 56423768?
3
What is the hundred thousands digit of 71300751?
3
What is the thousands digit of 2736673207?
3
What is the hundre